{"id":424,"date":"2023-07-26T09:16:01","date_gmt":"2023-07-26T09:16:01","guid":{"rendered":"https:\/\/demo.ovatheme.com\/qomfort\/?page_id=424"},"modified":"2023-11-14T10:20:13","modified_gmt":"2023-11-14T10:20:13","slug":"about","status":"publish","type":"page","link":"https:\/\/demo1.otelrubbykadikoy.com.tr\/index.php\/about\/","title":{"rendered":"About"},"content":{"rendered":"\t\t<div data-elementor-type=\"wp-page\" data-elementor-id=\"424\" class=\"elementor elementor-424\">\n\t\t\t\t\t\t<section class=\"elementor-section elementor-top-section elementor-element elementor-element-3f967ed elementor-section-boxed elementor-section-height-default elementor-section-height-default\" data-id=\"3f967ed\" data-element_type=\"section\" data-settings=\"{&quot;background_background&quot;:&quot;classic&quot;}\">\n\t\t\t\t\t\t<div class=\"elementor-container elementor-column-gap-default\">\n\t\t\t\t\t<div class=\"elementor-column elementor-col-100 elementor-top-column elementor-element elementor-element-20309f5\" data-id=\"20309f5\" data-element_type=\"column\">\n\t\t\t<div class=\"elementor-widget-wrap elementor-element-populated\">\n\t\t\t\t\t\t<div class=\"elementor-element elementor-element-020dde3 elementor-widget elementor-widget-qomfort_elementor_heading\" data-id=\"020dde3\" data-element_type=\"widget\" data-widget_type=\"qomfort_elementor_heading.default\">\n\t\t\t\t<div class=\"elementor-widget-container\">\n\t\t\t\t\t\n\t\t<div class=\"ova-heading\">\n\t\t\t\t\t\t\n\t\t\t\t\t\t\t\t\t<h2 class=\"title\">Rubby Hotel Kad\u0131k\u00f6y<\/h2>\n\t\t\t\t\n\t\t\t\t\t\t\t\t\t\t<p class=\"desc\">2010 y\u0131l\u0131ndan beri faaliyet g\u00f6steren Classio Hotel Hizmet kalitesinden \u00f6d\u00fcn vermeyen yap\u0131s\u0131 ile hotel, turizm, gezi ve i\u015f toplant\u0131lar\u0131 se\u00e7enekleri ile konaklamada \u00e7ok \u00e7e\u015fitli alternatifler sunmaktad\u0131r. Kad\u0131k\u00f6y&#039;\u00fcn Merkezinde!! Kad\u0131k\u00f6y Bo\u011fa Heykeli&#039;ne, \u015e\u00fckr\u00fc Sara\u00e7o\u011flu stad\u0131na ve Toplu ula\u015f\u0131m ara\u00e7lar\u0131na(Marmaray, metro, metrob\u00fcs, vapur) y\u00fcr\u00fcme mesafesine.<\/p>\n\t\t\t\t\t<\/div>\n\n\t\t\t\t\t\t<\/div>\n\t\t\t\t<\/div>\n\t\t\t\t<div class=\"elementor-element elementor-element-796e0eb elementor-widget__width-auto elementor-widget elementor-widget-button\" data-id=\"796e0eb\" data-element_type=\"widget\" data-widget_type=\"button.default\">\n\t\t\t\t<div class=\"elementor-widget-container\">\n\t\t\t\t\t\t\t\t\t<div class=\"elementor-button-wrapper\">\n\t\t\t\t\t<a class=\"elementor-button elementor-button-link elementor-size-sm\" href=\"https:\/\/demo1.otelrubbykadikoy.com.tr\/index.php\/contact\/\">\n\t\t\t\t\t\t<span class=\"elementor-button-content-wrapper\">\n\t\t\t\t\t\t<span class=\"elementor-button-icon\">\n\t\t\t\t<svg aria-hidden=\"true\" class=\"e-font-icon-svg e-fas-angle-right\" viewBox=\"0 0 256 512\" xmlns=\"http:\/\/www.w3.org\/2000\/svg\"><path d=\"M224.3 273l-136 136c-9.4 9.4-24.6 9.4-33.9 0l-22.6-22.6c-9.4-9.4-9.4-24.6 0-33.9l96.4-96.4-96.4-96.4c-9.4-9.4-9.4-24.6 0-33.9L54.3 103c9.4-9.4 24.6-9.4 33.9 0l136 136c9.5 9.4 9.5 24.6.1 34z\"><\/path><\/svg>\t\t\t<\/span>\n\t\t\t\t\t\t\t\t\t<span class=\"elementor-button-text\">\u0130leti\u015fim<\/span>\n\t\t\t\t\t<\/span>\n\t\t\t\t\t<\/a>\n\t\t\t\t<\/div>\n\t\t\t\t\t\t\t\t<\/div>\n\t\t\t\t<\/div>\n\t\t\t\t\t<\/div>\n\t\t<\/div>\n\t\t\t\t\t<\/div>\n\t\t<\/section>\n\t\t\t\t<\/div>\n\t\t","protected":false},"excerpt":{"rendered":"<p>Rubby Hotel Kad\u0131k\u00f6y 2010 y\u0131l\u0131ndan beri faaliyet g\u00f6steren Classio Hotel Hizmet kalitesinden \u00f6d\u00fcn vermeyen yap\u0131s\u0131 ile hotel, turizm, gezi ve i\u015f toplant\u0131lar\u0131 se\u00e7enekleri ile konaklamada \u00e7ok \u00e7e\u015fitli alternatifler sunmaktad\u0131r. Kad\u0131k\u00f6y&#039;\u00fcn Merkezinde!! Kad\u0131k\u00f6y Bo\u011fa Heykeli&#039;ne, \u015e\u00fckr\u00fc Sara\u00e7o\u011flu stad\u0131na ve Toplu ula\u015f\u0131m ara\u00e7lar\u0131na(Marmaray, metro, metrob\u00fcs, vapur) y\u00fcr\u00fcme mesafesine. \u0130leti\u015fim<\/p>\n","protected":false},"author":1,"featured_media":0,"parent":0,"menu_order":0,"comment_status":"closed","ping_status":"closed","template":"elementor_header_footer","meta":{"_monsterinsights_skip_tracking":false,"_monsterinsights_sitenote_active":false,"_monsterinsights_sitenote_note":"","_monsterinsights_sitenote_category":0,"footnotes":""},"class_list":["post-424","page","type-page","status-publish","hentry"],"aioseo_notices":[],"_links":{"self":[{"href":"https:\/\/demo1.otelrubbykadikoy.com.tr\/index.php\/wp-json\/wp\/v2\/pages\/424","targetHints":{"allow":["GET"]}}],"collection":[{"href":"https:\/\/demo1.otelrubbykadikoy.com.tr\/index.php\/wp-json\/wp\/v2\/pages"}],"about":[{"href":"https:\/\/demo1.otelrubbykadikoy.com.tr\/index.php\/wp-json\/wp\/v2\/types\/page"}],"author":[{"embeddable":true,"href":"https:\/\/demo1.otelrubbykadikoy.com.tr\/index.php\/wp-json\/wp\/v2\/users\/1"}],"replies":[{"embeddable":true,"href":"https:\/\/demo1.otelrubbykadikoy.com.tr\/index.php\/wp-json\/wp\/v2\/comments?post=424"}],"version-history":[{"count":4,"href":"https:\/\/demo1.otelrubbykadikoy.com.tr\/index.php\/wp-json\/wp\/v2\/pages\/424\/revisions"}],"predecessor-version":[{"id":4487,"href":"https:\/\/demo1.otelrubbykadikoy.com.tr\/index.php\/wp-json\/wp\/v2\/pages\/424\/revisions\/4487"}],"wp:attachment":[{"href":"https:\/\/demo1.otelrubbykadikoy.com.tr\/index.php\/wp-json\/wp\/v2\/media?parent=424"}],"curies":[{"name":"wp","href":"https:\/\/api.w.org\/{rel}","templated":true}]}}